e greatest common divisor of 18483590 and 510?
170
What is the highest common divisor of 10 and 70418140?
10
Calculate the highest common divisor of 37834 and 4736.
2
What is the greatest common divisor of 147604 and 41740?
4
Calculate the greatest common divisor of 1674 and 3024050.
62
Calculate the highest common factor of 328606 and 55556.
86
What is the highest common divisor of 10 and 29187920?
10
Calculate the highest common divisor of 148 and 376316.
4
What is the greatest common factor of 725928 and 24?
24
Calculate the highest common factor of 40 and 2870590.
10
What is the highest common factor of 254127 and 9802?
29
What is the highest common divisor of 75 and 393447?
3
What is the highest common divisor of 820 and 11550028?
164
Calculate the highest common factor of 11010850 and 1600.
50
What is the greatest common divisor of 4063 and 8419970?
239
What is the greatest common divisor of 5413722 and 29094?
2238
Calculate the highest common divisor of 2178746 and 25878.
454
What is the greatest common divisor of 119166914 and 62?
62
What is the greatest common divisor of 8400652 and 32708?
884
Calculate the highest common divisor of 50913890 and 20.
10
Calculate the greatest common divisor of 119 and 29253073.
17
Calculate the highest common factor of 184621250 and 13427.
13427
What is the greatest common factor of 271 and 397052940?
271
What is the highest common factor of 4449614 and 793?
13
What is the greatest common divisor of 936 and 162682?
26
Calculate the greatest common factor of 15411 and 954081.
1401
What is the greatest common factor of 144335324 and 1596?
532
What is the highest common divisor of 114690532 and 88?
44
What is the highest common factor of 6728982 and 351?
39
What is the highest common divisor of 10716328 and 434?
434
Calculate the highest common factor of 25753 and 1365.
91
What is the greatest common divisor of 4542888 and 16072?
392
What is the highest common factor of 161700690 and 24?
6
What is the highest common factor of 22 and 184553?
1
Calculate the highest common factor of 148606 and 326826.
134
What is the greatest common divisor of 9503 and 3205435?
731
What is the greatest common factor of 78778 and 28186?
34
What is the highest common factor of 19 and 32416907?
19
Calculate the greatest common factor of 221 and 4180163.
13
Calculate the highest common divisor of 3600 and 8606100.
300
What is the greatest common divisor of 76 and 49163488?
76
What is the highest common factor of 4025042 and 5376?
14
What is the greatest common factor of 14919884 and 259?
7
Calculate the greatest common factor of 3654 and 6454791.
1827
What is the highest common factor of 468550160 and 2080?
1040
What is the greatest common factor of 916113 and 2591358?
2343
Calculate the highest common divisor of 12656 and 26894.
1582
What is the highest common factor of 57554952 and 949?
949
Calculate the greatest common divisor of 40 and 102775720.
40
Calculate the greatest common factor of 2880 and 487460.
20
What is the greatest common divisor of 33891 and 148283?
79
What is the highest common divisor of 13384 and 3930808?
56
What is the greatest common factor of 5254 and 305386123?
2627
What is the highest common divisor of 937 and 1699?
1
Calculate the greatest common factor of 2700 and 384538500.
900
Calculate the highest common factor of 468 and 4495452.
156
Calculate the highest common factor of 68425 and 1011425.
575
What is the greatest common factor of 897 and 50646?
69
What is the greatest common factor of 17 and 66141305?
17
Calculate the greatest common factor of 70905 and 9701271.
489
What is the greatest common divisor of 5048179 and 395?
79
Calculate the greatest common divisor of 49314470 and 20.
10
What is the greatest common factor of 22522698 and 16236?
198
What is the greatest common factor of 124 and 128215628?
124
Calculate the greatest common divisor of 19047 and 1550199.
21
What is the highest common divisor of 180986 and 136786?
26
What is the highest common divisor of 6 and 175444572?
6
Calculate the highest common factor of 1568 and 2186576.
784
What is the highest common factor of 84 and 5300028?
12
What is the highest common factor of 91200 and 4294950?
2850
What is the greatest common factor of 998965555 and 575?
115
Calculate the highest common divisor of 540466 and 11584.
362
Calculate the highest common divisor of 42 and 28936460.
14
Calculate the highest common divisor of 3558662 and 17537.
1349
Calculate the highest common divisor of 51186300 and 264.
132
What is the highest common divisor of 2200 and 990275?
275
Calculate the highest common factor of 106677 and 412695.
81
Calculate the highest common factor of 1888 and 157235.
59
Calculate the highest common factor of 7157762 and 826.
118
Calculate the highest common divisor of 1736 and 34194664.
56
Calculate the highest common divisor of 1504 and 514912.
32
What is the greatest common factor of 319066 and 23606?
22
What is the greatest common factor of 104309958 and 3738?
534
Calculate the greatest common divisor of 39733435 and 100.
5
Calculate the highest common divisor of 1971 and 16642905.
219
What is the greatest common divisor of 2828492 and 608?
76
Calculate the highest common factor of 51252240 and 78.
78
Calculate the highest common factor of 3195 and 22978845.
45
Calculate the greatest common divisor of 260 and 3525405.
65
Calculate the greatest common divisor of 123 and 1295530.
1
What is the highest common divisor of 84 and 16238684?
28
What is the highest common divisor of 11978485 and 13820?
3455
Calculate the greatest common factor of 132600 and 11320530.
390
Calculate the highest common factor of 70812 and 35329287.
5901
Calculate the greatest common factor of 682 and 1235660.
62
What is the greatest common divisor of 44220913 and 649?
649
Calculate the highest common divisor of 34580 and 49308.
28
Calculate the highest common factor of 762 and 64925194.
254
Calculate the greatest common factor of 432577464 and 264.
264
What is the greatest common divisor of 60993 and 179091?
243
What is the highest common factor of 1270839713 and 13?
13
Calculate the highest common divisor of 185727152 and 208.
208
What is the greatest common factor of 1595 and 1338843?
319
Calculate the highest common factor of 165 and 20869605.
15
Calculate the highest common factor of 117359 and 272173.
2497
Calculate the greatest common divisor of 922168 and 3224.
104
What is the highest common factor of 17811684 and 11421?
1269
Calculate the highest common factor of 570 and 90833370.
30
What is the highest common divisor of 3367385280 and 160?
160
What is the greatest common factor of 1213710960 and 9240?
9240
Calculate the highest common divisor of 7378 and 1501640.
434
Calculate the highest common divisor of 860 and 1434685.
5
Calculate the greatest common factor of 6498342 and 5994.
18
Calculate the greatest common factor of 40424078 and 2.
2
Calculate the greatest common factor of 938970 and 20610.
90
Calculate the highest common divisor of 1032 and 11389992.
24
Calculate the greatest common factor of 3536181 and 27324.
2277
What is the highest common factor of 14070 and 37173878?
938
Calculate the highest common factor of 393462704 and 16.
16
What is the highest common factor of 86702875 and 2625?
875
Calculate the highest common divisor of 219946280 and 76.
76
Calculate the greatest common factor of 1704690 and 1735851.
1833
Calculate the greatest common divisor of 8544 and 19758.
534
What is the greatest common factor of 3483065 and 590?
295
What is the greatest common factor of 295 and 201948563?
59
What is the highest common factor of 4172358 and 1206?
402
What is the highest common divisor of 3566488 and 2232?
248
Calculate the highest common factor of 132 and 14701632.
132
Calculate the highest common divisor of 38531 and 5996897.
53
What is the highest common factor of 402823327 and 439?
439
Calculate the highest common factor of 42504 and 297012639.
5313
What is the highest common factor of 49310391 and 6805?
1361
What is the highest common divisor of 28336 and 79387?
77
What is the greatest common factor of 10025476 and 4700?
188
Calculate the greatest common factor of 5509944 and 330.
66
What is the highest common factor of 774 an